{"id":17416,"date":"2022-11-28T15:01:09","date_gmt":"2022-11-28T15:01:09","guid":{"rendered":"https:\/\/kopse.org\/?page_id=17416"},"modified":"2023-08-17T17:32:19","modified_gmt":"2023-08-17T17:32:19","slug":"yhteistyo","status":"publish","type":"page","link":"https:\/\/kopse.org\/?page_id=17416","title":{"rendered":"Yhteisty\u00f6"},"content":{"rendered":"\n<p><strong>P\u00c4IV\u00c4KOTI- JA KOULUYHTEISTY\u00d6<\/strong><\/p>\n\n\n\n<p><strong>KOPSE j\u00e4rjest\u00e4\u00e4 toiminta-alueensa p\u00e4iv\u00e4kodeissa ja kouluissa jalkapallon lajiesittelyit\u00e4.<\/strong><\/p>\n\n\n\n<p>P\u00e4iv\u00e4kodeissa lajituokiot on tarkoitettu 5\u20136-vuotiaille.<\/p>\n\n\n\n<p>Kouluissa ne on suunnattu 1\u20133 luokkalaisille.<\/p>\n\n\n\n<p><\/p>\n\n\n\n<p><\/p>\n\n\n\n<ul class=\"wp-block-list\">\n<li><em>Lajiesittelyt pidet\u00e4\u00e4n p\u00e4iv\u00e4kodin\/koulun omassa liikuntasalissa tai l\u00e4hikent\u00e4ll\u00e4. KOPSE tuo tarvittavat v\u00e4lineet (t\u00f6ts\u00e4t, liivit, pallot) mukanaan.<\/em><\/li>\n\n\n\n<li><em>Esittelyit\u00e4 j\u00e4rjestet\u00e4\u00e4n kello 9\u201313 v\u00e4lisen\u00e4 aikana, miten ryhm\u00e4lle sopii.<\/em><\/li>\n\n\n\n<li><em>Yhden tuokion kesto n. 30\u201345 min<\/em><\/li>\n\n\n\n<li><em>Ryhm\u00e4 kerrallaan (n.10\u201320 lasta)<\/em><\/li>\n<\/ul>\n\n\n\n<p><\/p>\n\n\n\n<p>Lajiesittelyiden tarkoituksena on liikuttaa toiminta-alueen lapsia, innostaa ja kannustaa  harrastustoiminnan pariin sek\u00e4 madaltaa kynnyst\u00e4 kokeilla uutta harrastusta ensimm\u00e4ist\u00e4 kertaa.\u00a0Lajiesittelyt ovat ilmaisia ja niit\u00e4 j\u00e4rjestet\u00e4\u00e4n syys- sek\u00e4 kev\u00e4tkaudella.<\/p>\n\n\n\n<p>Esittelyist\u00e4 vastaa seuran juniorip\u00e4\u00e4llikk\u00f6 yhdess\u00e4 muiden ty\u00f6ntekij\u00f6iden kanssa.<\/p>\n\n\n\n<p><\/p>\n\n\n\n<p><\/p>\n\n\n\n<p>Osallistumme my\u00f6s koulufutisturnausten j\u00e4rjest\u00e4miseen.<\/p>\n\n\n\n<figure class=\"wp-block-image size-full\"><a href=\"https:\/\/kopse.org\/wp-content\/uploads\/2022\/11\/PALLO-Ko.jpg\"><img loading=\"lazy\" decoding=\"async\" width=\"200\" height=\"267\" src=\"https:\/\/kopse.org\/wp-content\/uploads\/2022\/11\/PALLO-Ko.jpg\" alt=\"\" class=\"wp-image-17425\"\/><\/a><\/figure>\n\n\n\n<p><\/p>\n\n\n\n<p><strong>Lis\u00e4tietoja toiminnasta ja KOPSE vierailut:<\/strong><\/p>\n\n\n\n<p>Roosa Laurikainen<\/p>\n\n\n\n<p>roosa.laurikainen@kopse.org<\/p>\n","protected":false},"excerpt":{"rendered":"<p>P\u00c4IV\u00c4KOTI- JA KOULUYHTEISTY\u00d6 KOPSE j\u00e4rjest\u00e4\u00e4 toiminta-alueensa p\u00e4iv\u00e4kodeissa ja kouluissa jalkapallon lajiesittelyit\u00e4. P\u00e4iv\u00e4kodeissa lajituokiot on tarkoitettu 5\u20136-vuotiaille. Kouluissa ne on suunnattu 1\u20133 luokkalaisille. Lajiesittelyiden tarkoituksena on liikuttaa toiminta-alueen lapsia, innostaa ja kannustaa harrastustoiminnan pariin sek\u00e4 madaltaa kynnyst\u00e4 kokeilla uutta harrastusta ensimm\u00e4ist\u00e4 kertaa.\u00a0Lajiesittelyt ovat ilmaisia ja niit\u00e4&#8230;<\/p>\n","protected":false},"author":1,"featured_media":0,"parent":0,"menu_order":0,"comment_status":"closed","ping_status":"closed","template":"","meta":{"_bbp_topic_count":0,"_bbp_reply_count":0,"_bbp_total_topic_count":0,"_bbp_total_reply_count":0,"_bbp_voice_count":0,"_bbp_anonymous_reply_count":0,"_bbp_topic_count_hidden":0,"_bbp_reply_count_hidden":0,"_bbp_forum_subforum_count":0,"footnotes":""},"class_list":["post-17416","page","type-page","status-publish","hentry"],"_links":{"self":[{"href":"https:\/\/kopse.org\/index.php?rest_route=\/wp\/v2\/pages\/17416","targetHints":{"allow":["GET"]}}],"collection":[{"href":"https:\/\/kopse.org\/index.php?rest_route=\/wp\/v2\/pages"}],"about":[{"href":"https:\/\/kopse.org\/index.php?rest_route=\/wp\/v2\/types\/page"}],"author":[{"embeddable":true,"href":"https:\/\/kopse.org\/index.php?rest_route=\/wp\/v2\/users\/1"}],"replies":[{"embeddable":true,"href":"https:\/\/kopse.org\/index.php?rest_route=%2Fwp%2Fv2%2Fcomments&post=17416"}],"version-history":[{"count":5,"href":"https:\/\/kopse.org\/index.php?rest_route=\/wp\/v2\/pages\/17416\/revisions"}],"predecessor-version":[{"id":19032,"href":"https:\/\/kopse.org\/index.php?rest_route=\/wp\/v2\/pages\/17416\/revisions\/19032"}],"wp:attachment":[{"href":"https:\/\/kopse.org\/index.php?rest_route=%2Fwp%2Fv2%2Fmedia&parent=17416"}],"curies":[{"name":"wp","href":"https:\/\/api.w.org\/{rel}","templated":true}]}}