{"id":18249,"date":"2023-03-09T15:25:31","date_gmt":"2023-03-09T15:25:31","guid":{"rendered":"https:\/\/kopse.org\/?page_id=18249"},"modified":"2026-02-24T17:47:36","modified_gmt":"2026-02-24T17:47:36","slug":"materiaalit","status":"publish","type":"page","link":"https:\/\/kopse.org\/?page_id=18249","title":{"rendered":"Materiaalit"},"content":{"rendered":"\n<p>T\u00e4ll\u00e4 sivulla on koostetusti seuran yleisi\u00e4 dokumentteja<\/p>\n\n\n\n<p><a href=\"https:\/\/kopse.org\/wp-content\/uploads\/2024\/04\/Seuratoimintaopas_Kopse1.pdf\" target=\"_blank\" rel=\"noreferrer noopener\">Seuratoimintaopas<\/a><\/p>\n\n\n\n<p><a href=\"https:\/\/kopse.org\/wp-content\/uploads\/2025\/03\/KOPSE_-jojo_rahuri_kasikirja_v2.2.pdf\" target=\"_blank\" rel=\"noreferrer noopener\">Jojo\/Raho -opas<\/a> (p\u00e4ivitetty 19.3.2025)<\/p>\n\n\n\n<p><a href=\"https:\/\/kopse.org\/wp-content\/uploads\/2025\/09\/MobilePay_KOPSE_71087.pdf\" data-type=\"link\" data-id=\"https:\/\/kopse.org\/wp-content\/uploads\/2025\/09\/MobilePay_KOPSE_71087.pdf\" target=\"_blank\" rel=\"noreferrer noopener\">MobilePay QR-koodi<\/a><\/p>\n\n\n\n<p><a href=\"https:\/\/kopse.org\/wp-content\/uploads\/2022\/12\/VALMENNUSLINJA-pp.pdf\" target=\"_blank\" rel=\"noreferrer noopener\">Valmennuslinja<\/a><\/p>\n\n\n\n<p><a href=\"https:\/\/kopse.org\/wp-content\/uploads\/2023\/03\/Viestintasuunnitelma_2022.docx.pdf\" target=\"_blank\" rel=\"noreferrer noopener\">Viestint\u00e4suunnitelma<\/a><\/p>\n\n\n\n<p><a href=\"https:\/\/kopse.org\/wp-content\/uploads\/2023\/03\/Vuosikello-KOPSE.pdf\" target=\"_blank\" rel=\"noreferrer noopener\">Vuosikello<\/a><\/p>\n\n\n\n<p><a href=\"https:\/\/kopse.org\/wp-content\/uploads\/2024\/04\/Otteluilmoituksen-kenttateksti-Aulis-Aktia-Areena.pdf\" target=\"_blank\" rel=\"noreferrer noopener\">Kentt\u00e4teksti Palloliiton otteluilmoitukseen &#8211; Aulis Aktia Areena (Jokkari)<\/a><\/p>\n\n\n\n<p><a href=\"https:\/\/kopse.org\/?page_id=12882\" data-type=\"page\" data-id=\"12882\">KOPSE-logo<\/a><\/p>\n\n\n\n<p><a href=\"https:\/\/kopse.org\/wp-content\/uploads\/2024\/09\/Tasoryhma-ohjeistus-KOPSE-2024.pdf\" target=\"_blank\" rel=\"noreferrer noopener\">Tasoryhm\u00e4-ohjeistus<\/a><\/p>\n\n\n\n<p><a href=\"https:\/\/kopse.org\/wp-content\/uploads\/2024\/10\/KOPSE_Turvallisuusohjeistus.pdf\" target=\"_blank\" rel=\"noreferrer noopener\">Turvallisuusohjeistus<\/a><\/p>\n\n\n\n<p><a href=\"https:\/\/kopse.org\/wp-content\/uploads\/2024\/10\/Lasten_ja_nuorten_turvallinen_harrastustoiminta-KOPSEssa.pdf\" target=\"_blank\" rel=\"noreferrer noopener\">Lasten_ja_nuorten_turvallinen_harrastustoiminta KOPSEssa<\/a><\/p>\n\n\n\n<p><a href=\"https:\/\/kopse.org\/wp-content\/uploads\/2024\/12\/Laskutusosoite-Korson-Palloseura-ry.pdf\" data-type=\"link\" data-id=\"https:\/\/kopse.org\/wp-content\/uploads\/2024\/12\/Laskutusosoite-Korson-Palloseura-ry.pdf\" target=\"_blank\" rel=\"noreferrer noopener\">Laskutusosoite -viesti<\/a><\/p>\n\n\n\n<p><a href=\"https:\/\/kopse.org\/wp-content\/uploads\/2025\/03\/Pelinohjaajien_rekisterointi.pdf\" target=\"_blank\" rel=\"noreferrer noopener\">Pelinohjaajien rekister\u00f6inti<\/a><\/p>\n\n\n\n<p><a href=\"https:\/\/forms.gle\/4Em7aJsDDKwzWqu5A\">Pelinohjausten ilmoittaminen<\/a><\/p>\n\n\n\n<p><a href=\"https:\/\/kopse.org\/wp-content\/uploads\/2026\/02\/KOPSE_Budjettipohja_2026_eFina-1.xlsx\">Budjettipohja<\/a><\/p>\n\n\n\n<p><\/p>\n","protected":false},"excerpt":{"rendered":"<p>T\u00e4ll\u00e4 sivulla on koostetusti seuran yleisi\u00e4 dokumentteja Seuratoimintaopas Jojo\/Raho -opas (p\u00e4ivitetty 19.3.2025) MobilePay QR-koodi Valmennuslinja Viestint\u00e4suunnitelma Vuosikello Kentt\u00e4teksti Palloliiton otteluilmoitukseen &#8211; Aulis Aktia Areena (Jokkari) KOPSE-logo Tasoryhm\u00e4-ohjeistus Turvallisuusohjeistus Lasten_ja_nuorten_turvallinen_harrastustoiminta KOPSEssa Laskutusosoite -viesti Pelinohjaajien rekister\u00f6inti Pelinohjausten ilmoittaminen Budjettipohja<\/p>\n","protected":false},"author":1,"featured_media":0,"parent":0,"menu_order":0,"comment_status":"closed","ping_status":"closed","template":"","meta":{"_bbp_topic_count":0,"_bbp_reply_count":0,"_bbp_total_topic_count":0,"_bbp_total_reply_count":0,"_bbp_voice_count":0,"_bbp_anonymous_reply_count":0,"_bbp_topic_count_hidden":0,"_bbp_reply_count_hidden":0,"_bbp_forum_subforum_count":0,"footnotes":""},"class_list":["post-18249","page","type-page","status-publish","hentry"],"_links":{"self":[{"href":"https:\/\/kopse.org\/index.php?rest_route=\/wp\/v2\/pages\/18249","targetHints":{"allow":["GET"]}}],"collection":[{"href":"https:\/\/kopse.org\/index.php?rest_route=\/wp\/v2\/pages"}],"about":[{"href":"https:\/\/kopse.org\/index.php?rest_route=\/wp\/v2\/types\/page"}],"author":[{"embeddable":true,"href":"https:\/\/kopse.org\/index.php?rest_route=\/wp\/v2\/users\/1"}],"replies":[{"embeddable":true,"href":"https:\/\/kopse.org\/index.php?rest_route=%2Fwp%2Fv2%2Fcomments&post=18249"}],"version-history":[{"count":23,"href":"https:\/\/kopse.org\/index.php?rest_route=\/wp\/v2\/pages\/18249\/revisions"}],"predecessor-version":[{"id":21494,"href":"https:\/\/kopse.org\/index.php?rest_route=\/wp\/v2\/pages\/18249\/revisions\/21494"}],"wp:attachment":[{"href":"https:\/\/kopse.org\/index.php?rest_route=%2Fwp%2Fv2%2Fmedia&parent=18249"}],"curies":[{"name":"wp","href":"https:\/\/api.w.org\/{rel}","templated":true}]}}