{"id":9,"date":"2019-05-01T08:59:26","date_gmt":"2019-05-01T08:59:26","guid":{"rendered":"http:\/\/31.217.192.125\/~kopseorg\/demo\/?page_id=9"},"modified":"2024-06-25T18:04:21","modified_gmt":"2024-06-25T18:04:21","slug":"jalkapalloa-korsossa","status":"publish","type":"page","link":"https:\/\/kopse.org\/","title":{"rendered":""},"content":{"rendered":"<div class=\"wpb-content-wrapper\">[vc_row][vc_column css=&#8221;.vc_custom_1719337832591{background-color: #66ff33 !important;}&#8221;][vc_column_text]\n<div class=\"wp-block-cover\" style=\"background-image: url('https:\/\/kopse.org\/wp-content\/uploads\/2023\/12\/IMG_1783-e1703669233550.jpg'); background-position: 55% 20%;\">\n<div class=\"wp-block-cover__inner-container\">\n<div class=\"coverPage__banner-container\">\n<h2 class=\"cover-page__banner-heading\">Jalkapalloa Korsossa<\/h2>\n<\/div>\n<\/div>\n<\/div>\n[\/vc_column_text][\/vc_column][\/vc_row][vc_row content_width=&#8221;grid&#8221;][vc_column][vc_column_text 1=&#8221;10px&#8221; 2=&#8221;!important;}&#8221;&#8221;]\n<h2>Ajankohtaista<\/h2>\n[\/vc_column_text][\/vc_column][\/vc_row][vc_row content_width=&#8221;grid&#8221; css=&#8221;.vc_custom_1489403323551{padding-top: 10px !important;padding-bottom: 70px !important;}&#8221;]\n<div class=\"mkd-blog-list-holder mkd-boxes  mkd-column-3\">\n    <ul class=\"mkd-blog-list\">\n        <li class=\"mkd-blog-list-item clearfix\">\n    <div class=\"mkd-blog-list-item-inner\">\n        <div class=\"mkd-item-image\">\n            <a itemprop=\"url\" href=\"https:\/\/kopse.org\/?p=21573\">\n                <img loading=\"lazy\" decoding=\"async\" width=\"550\" height=\"550\" src=\"https:\/\/kopse.org\/wp-content\/uploads\/2025\/10\/kuntofutis-rajattu-550x550.jpg\" class=\"attachment-trophy_mikado_square size-trophy_mikado_square wp-post-image\" alt=\"\" srcset=\"https:\/\/kopse.org\/wp-content\/uploads\/2025\/10\/kuntofutis-rajattu-550x550.jpg 550w, https:\/\/kopse.org\/wp-content\/uploads\/2025\/10\/kuntofutis-rajattu-300x300.jpg 300w, https:\/\/kopse.org\/wp-content\/uploads\/2025\/10\/kuntofutis-rajattu-1024x1024.jpg 1024w, https:\/\/kopse.org\/wp-content\/uploads\/2025\/10\/kuntofutis-rajattu-150x150.jpg 150w, https:\/\/kopse.org\/wp-content\/uploads\/2025\/10\/kuntofutis-rajattu-768x768.jpg 768w, https:\/\/kopse.org\/wp-content\/uploads\/2025\/10\/kuntofutis-rajattu.jpg 1200w\" sizes=\"auto, (max-width: 550px) 100vw, 550px\" \/>            <\/a>\n        <\/div>\n        <div class=\"mkd-item-text-holder\" style=\"background-color:#000000\">\n        <h4 itemprop=\"name\" class=\"mkd-item-title entry-title\">\n        <a itemprop=\"url\" href=\"https:\/\/kopse.org\/?p=21573\">\n            Kuntofutis Kes\u00e4kausi        <\/a>\n    <\/h4>\n\n            <p itemprop=\"description\" class=\"mkd-excerpt\">KOPSEn aikuisten Kuntofutisryhm\u00e4t starttaavat taas huhtikuussa 2026. Ilmoittaudu t\u00e4st\u00e4 mukaan sunnuntai vuorolle Kuntofutisryhm\u00e4 tarjoaa hyv\u00e4n mi...<\/p>\n    \n    \n    \n    <\/div>\n    <\/div>\n<\/li><li class=\"mkd-blog-list-item clearfix\">\n    <div class=\"mkd-blog-list-item-inner\">\n        <div class=\"mkd-item-image\">\n            <a itemprop=\"url\" href=\"https:\/\/kopse.org\/?p=21541\">\n                <img loading=\"lazy\" decoding=\"async\" width=\"550\" height=\"550\" src=\"https:\/\/kopse.org\/wp-content\/uploads\/2026\/04\/IMG_1897-550x550.jpg\" class=\"attachment-trophy_mikado_square size-trophy_mikado_square wp-post-image\" alt=\"\" srcset=\"https:\/\/kopse.org\/wp-content\/uploads\/2026\/04\/IMG_1897-550x550.jpg 550w, https:\/\/kopse.org\/wp-content\/uploads\/2026\/04\/IMG_1897-150x150.jpg 150w\" sizes=\"auto, (max-width: 550px) 100vw, 550px\" \/>            <\/a>\n        <\/div>\n        <div class=\"mkd-item-text-holder\" style=\"background-color:#000000\">\n        <h4 itemprop=\"name\" class=\"mkd-item-title entry-title\">\n        <a itemprop=\"url\" href=\"https:\/\/kopse.org\/?p=21541\">\n            Tulevat tapahtumat Jokivarren tekonurmella        <\/a>\n    <\/h4>\n\n            <p itemprop=\"description\" class=\"mkd-excerpt\">Kev\u00e4t on vihdoin saapunut mik\u00e4 tarkoittaa, ett\u00e4 kotikent\u00e4lle Jokivarren tekonurmelle eli Jokkariin p\u00e4\u00e4see taas pelaamaan. Kev\u00e4t- ja kes\u00e4kaudel...<\/p>\n    \n    \n    \n    <\/div>\n    <\/div>\n<\/li><li class=\"mkd-blog-list-item clearfix\">\n    <div class=\"mkd-blog-list-item-inner\">\n        <div class=\"mkd-item-image\">\n            <a itemprop=\"url\" href=\"https:\/\/kopse.org\/?p=21531\">\n                <img loading=\"lazy\" decoding=\"async\" width=\"454\" height=\"550\" src=\"https:\/\/kopse.org\/wp-content\/uploads\/2026\/03\/KOPSE-nalle-sopiva-454x550.jpg\" class=\"attachment-trophy_mikado_square size-trophy_mikado_square wp-post-image\" alt=\"\" \/>            <\/a>\n        <\/div>\n        <div class=\"mkd-item-text-holder\" style=\"background-color:#000000\">\n        <h4 itemprop=\"name\" class=\"mkd-item-title entry-title\">\n        <a itemprop=\"url\" href=\"https:\/\/kopse.org\/?p=21531\">\n            Lasten jalkapallokerhot kev\u00e4t-kes\u00e4kausi 2026        <\/a>\n    <\/h4>\n\n            <p itemprop=\"description\" class=\"mkd-excerpt\">KOPSEn lasten jalkapallokerhot eli Futiskerho ja Perhefutis jatkavat uusilla kerhojaksoilla Huhtikuussa. Kerhojaksot ovat ajalle 21.4 \u2013 9.6.2026 (8 ...<\/p>\n    \n    \n    \n    <\/div>\n    <\/div>\n<\/li><li class=\"mkd-blog-list-item clearfix\">\n    <div class=\"mkd-blog-list-item-inner\">\n        <div class=\"mkd-item-image\">\n            <a itemprop=\"url\" href=\"https:\/\/kopse.org\/?p=21495\">\n                <img loading=\"lazy\" decoding=\"async\" width=\"550\" height=\"550\" src=\"https:\/\/kopse.org\/wp-content\/uploads\/2026\/03\/KUVA-REKRY-550x550.jpg\" class=\"attachment-trophy_mikado_square size-trophy_mikado_square wp-post-image\" alt=\"\" srcset=\"https:\/\/kopse.org\/wp-content\/uploads\/2026\/03\/KUVA-REKRY-550x550.jpg 550w, https:\/\/kopse.org\/wp-content\/uploads\/2026\/03\/KUVA-REKRY-300x300.jpg 300w, https:\/\/kopse.org\/wp-content\/uploads\/2026\/03\/KUVA-REKRY-1024x1024.jpg 1024w, https:\/\/kopse.org\/wp-content\/uploads\/2026\/03\/KUVA-REKRY-150x150.jpg 150w, https:\/\/kopse.org\/wp-content\/uploads\/2026\/03\/KUVA-REKRY-768x768.jpg 768w, https:\/\/kopse.org\/wp-content\/uploads\/2026\/03\/KUVA-REKRY.jpg 1080w\" sizes=\"auto, (max-width: 550px) 100vw, 550px\" \/>            <\/a>\n        <\/div>\n        <div class=\"mkd-item-text-holder\" style=\"background-color:#000000\">\n        <h4 itemprop=\"name\" class=\"mkd-item-title entry-title\">\n        <a itemprop=\"url\" href=\"https:\/\/kopse.org\/?p=21495\">\n            Ohjaaja ja valmentaja haku nyt k\u00e4ynniss\u00e4!        <\/a>\n    <\/h4>\n\n            <p itemprop=\"description\" class=\"mkd-excerpt\">KOPSE hakee tulevalle kev\u00e4t- ja kes\u00e4kaudelle 2026 kerho-ohjaajia sek\u00e4 apuvalmentajia joukkueisiin. Haemme ohjaajia, joilla on hyv\u00e4t ryhm\u00e4nhallint...<\/p>\n    \n    \n    \n    <\/div>\n    <\/div>\n<\/li><li class=\"mkd-blog-list-item clearfix\">\n    <div class=\"mkd-blog-list-item-inner\">\n        <div class=\"mkd-item-image\">\n            <a itemprop=\"url\" href=\"https:\/\/kopse.org\/?p=21467\">\n                <img loading=\"lazy\" decoding=\"async\" width=\"550\" height=\"550\" src=\"https:\/\/kopse.org\/wp-content\/uploads\/2026\/02\/2026-leirik-550x550.jpg\" class=\"attachment-trophy_mikado_square size-trophy_mikado_square wp-post-image\" alt=\"\" srcset=\"https:\/\/kopse.org\/wp-content\/uploads\/2026\/02\/2026-leirik-550x550.jpg 550w, https:\/\/kopse.org\/wp-content\/uploads\/2026\/02\/2026-leirik-300x300.jpg 300w, https:\/\/kopse.org\/wp-content\/uploads\/2026\/02\/2026-leirik-1024x1024.jpg 1024w, https:\/\/kopse.org\/wp-content\/uploads\/2026\/02\/2026-leirik-150x150.jpg 150w, https:\/\/kopse.org\/wp-content\/uploads\/2026\/02\/2026-leirik-768x768.jpg 768w, https:\/\/kopse.org\/wp-content\/uploads\/2026\/02\/2026-leirik-1536x1536.jpg 1536w\" sizes=\"auto, (max-width: 550px) 100vw, 550px\" \/>            <\/a>\n        <\/div>\n        <div class=\"mkd-item-text-holder\" style=\"background-color:#000000\">\n        <h4 itemprop=\"name\" class=\"mkd-item-title entry-title\">\n        <a itemprop=\"url\" href=\"https:\/\/kopse.org\/?p=21467\">\n            Kes\u00e4leirit 2026        <\/a>\n    <\/h4>\n\n            <p itemprop=\"description\" class=\"mkd-excerpt\">KOPSEn jalkapalloleirit tulevat taas! Korson Palloseura j\u00e4rjest\u00e4\u00e4 jalkapalloleirin vuosina 2013 \u2013 2018 -syntyneille tyt\u00f6ille ja pojille. Leiri o...<\/p>\n    \n    \n    \n    <\/div>\n    <\/div>\n<\/li><li class=\"mkd-blog-list-item clearfix\">\n    <div class=\"mkd-blog-list-item-inner\">\n        <div class=\"mkd-item-image\">\n            <a itemprop=\"url\" href=\"https:\/\/kopse.org\/?p=21440\">\n                <img loading=\"lazy\" decoding=\"async\" width=\"550\" height=\"550\" src=\"https:\/\/kopse.org\/wp-content\/uploads\/2025\/12\/IMG_5547-uv-550x550.jpg\" class=\"attachment-trophy_mikado_square size-trophy_mikado_square wp-post-image\" alt=\"\" srcset=\"https:\/\/kopse.org\/wp-content\/uploads\/2025\/12\/IMG_5547-uv-550x550.jpg 550w, https:\/\/kopse.org\/wp-content\/uploads\/2025\/12\/IMG_5547-uv-300x300.jpg 300w, https:\/\/kopse.org\/wp-content\/uploads\/2025\/12\/IMG_5547-uv-1024x1024.jpg 1024w, https:\/\/kopse.org\/wp-content\/uploads\/2025\/12\/IMG_5547-uv-150x150.jpg 150w, https:\/\/kopse.org\/wp-content\/uploads\/2025\/12\/IMG_5547-uv-768x768.jpg 768w, https:\/\/kopse.org\/wp-content\/uploads\/2025\/12\/IMG_5547-uv-1536x1536.jpg 1536w\" sizes=\"auto, (max-width: 550px) 100vw, 550px\" \/>            <\/a>\n        <\/div>\n        <div class=\"mkd-item-text-holder\" style=\"background-color:#000000\">\n        <h4 itemprop=\"name\" class=\"mkd-item-title entry-title\">\n        <a itemprop=\"url\" href=\"https:\/\/kopse.org\/?p=21440\">\n            Hyv\u00e4\u00e4 uutta vuotta 2026!        <\/a>\n    <\/h4>\n\n            <p itemprop=\"description\" class=\"mkd-excerpt\">Korson Palloseura kiitt\u00e4\u00e4 kaikkia kuluneesta vuodesta. Vuoteen on mahtunut paljon hienoja futismuistoja. KOPSE toivottaa kaikille onnellista uutta v...<\/p>\n    \n    \n    \n    <\/div>\n    <\/div>\n<\/li>    <\/ul>\n<\/div>\n[\/vc_row][vc_row][vc_column][vc_column_text][\/vc_column_text][\/vc_column][\/vc_row]\n<\/div>","protected":false},"excerpt":{"rendered":"<p>[vc_row][vc_column css=&#8221;.vc_custom_1719337832591{background-color: #66ff33 !important;}&#8221;][vc_column_text] Jalkapalloa Korsossa [\/vc_column_text][\/vc_column][\/vc_row][vc_row content_width=&#8221;grid&#8221;][vc_column][vc_column_text 1=&#8221;10px&#8221; 2=&#8221;!important;}&#8221;&#8221;] Ajankohtaista [\/vc_column_text][\/vc_column][\/vc_row][vc_row content_width=&#8221;grid&#8221; css=&#8221;.vc_custom_1489403323551{padding-top: 10px !important;padding-bottom: 70px !important;}&#8221;][\/vc_row][vc_row][vc_column][vc_column_text][\/vc_column_text][\/vc_column][\/vc_row]<\/p>\n","protected":false},"author":1,"featured_media":0,"parent":0,"menu_order":0,"comment_status":"closed","ping_status":"closed","template":"full-width.php","meta":{"_bbp_topic_count":0,"_bbp_reply_count":0,"_bbp_total_topic_count":0,"_bbp_total_reply_count":0,"_bbp_voice_count":0,"_bbp_anonymous_reply_count":0,"_bbp_topic_count_hidden":0,"_bbp_reply_count_hidden":0,"_bbp_forum_subforum_count":0,"footnotes":""},"class_list":["post-9","page","type-page","status-publish","hentry"],"_links":{"self":[{"href":"https:\/\/kopse.org\/index.php?rest_route=\/wp\/v2\/pages\/9","targetHints":{"allow":["GET"]}}],"collection":[{"href":"https:\/\/kopse.org\/index.php?rest_route=\/wp\/v2\/pages"}],"about":[{"href":"https:\/\/kopse.org\/index.php?rest_route=\/wp\/v2\/types\/page"}],"author":[{"embeddable":true,"href":"https:\/\/kopse.org\/index.php?rest_route=\/wp\/v2\/users\/1"}],"replies":[{"embeddable":true,"href":"https:\/\/kopse.org\/index.php?rest_route=%2Fwp%2Fv2%2Fcomments&post=9"}],"version-history":[{"count":187,"href":"https:\/\/kopse.org\/index.php?rest_route=\/wp\/v2\/pages\/9\/revisions"}],"predecessor-version":[{"id":20321,"href":"https:\/\/kopse.org\/index.php?rest_route=\/wp\/v2\/pages\/9\/revisions\/20321"}],"wp:attachment":[{"href":"https:\/\/kopse.org\/index.php?rest_route=%2Fwp%2Fv2%2Fmedia&parent=9"}],"curies":[{"name":"wp","href":"https:\/\/api.w.org\/{rel}","templated":true}]}}